 + 68)) + -4 + 17.
46
Calculate 124 + -6 + (15 - (1 + 0) - (132 + -125)).
125
What is the value of -1 - 0 - -20 - (-131 + -241 + 456)?
-65
Evaluate -15 + 2 + (-13 - 1) + 264 + -253.
-16
-62 - (-26 + -15 + 24 + 14)
-59
Evaluate -65 - (-45 + 25 + -8).
-37
What is (-4 - ((16 - 27) + -94)) + (6 - -1) - -9?
117
Evaluate 2849 - 2895 - (-56 - -1).
9
Evaluate (-15 - (19 + -19 - 11)) + 3 + -1 + 64.
62
Evaluate -1 - (-91 - -17) - 34.
39
(19 + -11 + 23 - 11) + (-5 - 4) + 110
121
Calculate (-18 - (-9 + (-6 - 11))) + 32 + -7.
33
-48 + 0 + (-76 - 24 - -115)
-33
What is -3258 + 3273 + (-20 - (-6 + 3))?
-2
Calculate (9 - -3 - (-30 - (30 + -45))) + -20.
7
Calculate 2 - (-2 - 2 - (-15 + (5 - 6) + 12)).
2
What is -3 + -5 + 234 + -311 + -4 + -2 + 2?
-89
What is 6 + (-10 - -20) + (-46 - -31) + (4 - 0)?
5
Evaluate 19 + (85 - 65) + -55.
-16
What is (14 - 12) + -1 + -1 - ((3 - 4) + -35)?
36
12 + (41 - 106) + 0
-53
What is -41 - (7 + 1) - -26 - -63?
40
Calculate -50 + (10 - (-13 - (9 + -20))) + 9.
-29
-7 - 4 - (-8 + 64 + 10 + 21)
-98
Evaluate 35 + 58 + -43 + -61 + 16.
5
-1 + 0 + -1 + -38 - (5 - 7 - -2)
-40
What is (34 - (-28 - -52)) + (3 + -8 - (3 - -82))?
-80
Calculate 1 + -44 + (-42 - (-82 + -46 + 65)).
-22
What is (-52 - (-22 - (-15 - -8))) + (19 - 23)?
-41
Evaluate (94 - 86) + (-27 - 1).
-20
-20 + (2 - 26) + 50 + -2 + -60
-56
Calculate -6 - (-59 - (2 - (-5 - -6))) - (-92 - -98).
48
Calculate 57 + 7 - 81 - 65.
-82
Calculate (5 - 14) + -2 - 9 - -40.
20
What is 106 + (2 - 12) + (1082 - 1062)?
116
What is the value of (-27 - -82 - -17) + -87?
-15
Evaluate 47 - 33 - 36 - 3.
-25
What is -20 + -25 + 26 + -1 + 11?
-9
What is 33 - (3 - (18 + -60) - 23)?
11
What is the value of -6327 - -6325 - (-7 + 6 + -1 + 0 + 82)?
-82
Evaluate -125 + (-76 - (-125 + -75)).
-1
Calculate (-7000 - -6994) + (45 - -1) + (2 - 0).
42
Calculate -16 + (-213 - -56 - -95).
-78
Evaluate 81 + -42 + 46 + (-2 - 22).
61
Evaluate (137 - 133) + (-13 - -1) + -18 + -7.
-33
What is (6 - (-32 + 5 + 3 + -2)) + 37 + -29?
40
What is (-2 - 0) + -16 - (-10786 - -10882)?
-114
Evaluate 21 + 5 + -12 + (45 - 31) + 0.
28
Calculate -1 + (-76 - -28 - -59).
10
Evaluate 89 - (2 - ((6 - -7) + -2)) - (0 + 13).
85
What is the value of -57 - ((-13 - 37) + -7)?
0
What is the value of -64 - -69 - 2 - -30?
33
Calculate -25 + 15 - 19 - (-3 - (5 - (-1 + 7))).
-27
Evaluate 17 - (-54 - -60) - -39.
50
What is -13 + -46 + -33 + (1 - -48)?
-43
(209 + -71 - 193) + 65
10
Evaluate 13 + (30 - 12) + -65 + 121.
87
What is the value of (35 - (46 + -24)) + -9 - (4 - 32)?
32
What is -106 - 11 - (630 - 717)?
-30
(12 - 24) + (-9 - -5) + -6
-22
What is 43 + -97 + 33 + -29 + 0?
-50
64 + (-37 + 43 - (5 + 8))
57
Calculate (-4 - (2 - 15)) + (23 - (0 - 2)) + -167.
-133
Evaluate 12 - (-20 + (-21 - -124) + -25).
-46
Calculate 0 + -9 + ((-340 - -363) + 1 + -1 - 14).
0
What is (1 - 3 - 2) + 1 + 342 + -327?
12
What is the value of (20 - (-7 + 34)) + -1 + 164 + -21?
135
Evaluate (-35 - (0 - (73 + 20))) + (8 - 2 - 2).
62
What is -5 - (20 - (3 + -1 - -11) - 58)?
46
2 - -13 - (6 - (-5 + 6)) - (-78 - -41)
47
What is the value of -38881 + 38820 + (8 - 2 - (2 + -1))?
-56
Evaluate 12 + 1 + (55 - (-174 - -213)).
29
What is -2053 + 2051 - (-65 - (4 + -1) - (-1 - 1))?
64
33 - (-18 + 18 - -40 - -54)
-61
Calculate -76 - -1 - (8 - (-34 - -58 - (11 + -1))).
-69
Calculate 23 + (18 - 27 - 20) + 36.
30
Evaluate 0 + -21 - 2 - (-30 + 38).
-31
What is -2 + (28 + 1 + -6 - 16)?
5
-49 + (10 - 20 - -27) + -16
-48
(3 - (0 + -1)) + (-65 - (-17 + 2))
-46
Calculate 62 + 5 + -24 - (1 - -10 - (7 + -4)).
35
What is the value of (10 + (17 + -9 - 27) - 1) + 71?
61
What is the value of 88 + 2 + -774 + 775?
91
What is the value of -53 - (17 - -99) - -136?
-33
What is the value of 7 + -19 - -40 - (-52 - 11)?
91
Evaluate -132 - (68 - (-29 + 105)).
-124
Evaluate 21 - -1 - (44 + -57 - -1).
34
What is (2 - (72 - -3)) + (3 - -25 - 38)?
-83
What is (1 - 2) + (3 - 1 - -1) - (112 + -59)?
-51
What is 35 - 16 - (7 + (-39 - -87))?
-36
Evaluate (3 - 2) + 5 + -45 + 229 + -107.
83
What is the value of -3 - (5 + -3) - ((-36 - -21) + -18)?
28
Calculate (-53 - -22) + (2 - (12 + 23)).
-64
Calculate (10 - (-26 + (2 - -6))) + -14 - 13.
1
Calculate (35 - (53 - (-2 + 28))) + 43.
51
2 - 66 - (-34 + 52 + 7 - 21)
-68
Calculate (23 - (-10 + 9 + -8 + 25)) + 6.
13
Calculate 16 + (-9 - (-6 - -8 - 11)) + -7 + -5.
4
Evaluate -2 + 29 + (-121 - (2 - 25)).
-71
(-1129 - -1111) + (52 - 0)
34
-4 - (36 - 54 - -51)
-37
What is the value of 55 - (-32 + -40 + 87)?
40
Evaluate -61 + 65 - 49 - -25.
-20
(39 - (-4 - -8 - 18)) + 39
92
Evaluate 99 + 5 - (-1346 + 1558).
-108
What is the value of -87 - (-63 + 81 + -52 + 4)?
-57
What is (-2 + 48 + 3 - (5 - -8)) + (2 - -4)?
42
What is 12 - (32 - (42 - 49))?
-27
-18 - (-4 - -2 - -8) - (-7 - -19)
-36
What is (11883 - 11942) + (-1 - (-18 + -1))?
-41
What is the value of -1 + 3 + (8483 - 8510)?
-25
What is the value of -13 - -26 - (92 + -47) - -3?
-29
What is the value of 8 - (12 + -3 + 7 + (16 - 20))?
-4
What is -3 + -21 - (3 + -3 + -2 + (-4 - -4))?
-22
What is the value of (0 - (2 + (-15 - -5))) + (-10 - (3 - 40))?
35
What is the value of 81 - 16 - (-6 + 21 - 2)?
52
-3 + (13 - (-49 - -36 - (0 - 8)))
15
Evaluate -4 + (83 - (65 - -1)).
13
Calculate -1 - (-5 - -1) - (-8435 + 8411).
27
1 + -11 - (-5 + (-107 - -42) - 8)
68
4 - -65 - 6 - (-29 + -5 + 27)
70
Calculate 45 + (-5 - (30 + -7)) + -5.
12
(-166 - (-201 + 64)) + (1 - 46)
-74
Calculate 12 + -39 + -10 - (-14 + 43).
-66
What is the value of 20 + (73 - 37 - (47 + 36))?
-27
Evaluate -5 - -2 - (-13 - -4 - (-1 + -66)) - 0.
-61
What is the value of 27 + -30 + 28 - -4 - -6?
35
What is the value of (22 - (29 - -51)) + 56?
-2
What is the value of 55 + -4 - (44 + -25 - (-4 + 22))?
50
Calculate (-10 + 24 - 52) + (55 - 2).
15
Evaluate 0 - 32 - (-187 - (16 + -112)).
59
-45 + (-5 - -6) - (-3 + -23 + 20)
-38
What is 46 - (-50 + (34 - (13 + 0)))?
75
Calculate (-15 - -109) + -94 + 5.
5
-68 + 151 + -75 + (-1 - (2 - -4))
1
5 + 18 + 13 + -13 + 3 + -10
16
Calculate -1492 - -1547 - (1 - -63).
-9
What is -4 + (17 + -12 + (-3 - -6) - (8 - -2))?
-6
What is -22 + (-48 + 20 + -16 - -1)?
-65
Evaluate 9 - (162 + -29 + -54).
-70
Calculate (-17 + -1 - (-10 - 0) - -4) + (76 - -59).
131
What is (0 - 2) + -2 + 43 + (49 - 47 - -18)?
59
What is (2 - -1) + (25 - -3 - 9 - 13) + -79?
-70
-56 + (45 - -53) + -54
-12
What is (-14 - (-36 - -6)) + (12 - 84)?
-56
What is the value of (8 - 45) + 64 + (-3 - -16) + 2?
42
-1 + 2 - 25 - (-46301 + 46297)
-20
8 + 1 + -73 + -2 + 68 + 15 + 2
19
Evaluate (3 - 7) + -20 + 50.
26
Calculate 4 - -45 - (26 - 0) - 28.
-5
Evaluate (14 + 12 - (17 - 24)) + 10.
43
Calculate -36 + -150 + 167 - (21 - -3).
-43
107 + -184 + -23 + 2 + -2 + 2
-98
Calculate 1 + 29 - -2 - (2468 + -2440).
4
Calculate 31 + -3 + 11 + (12 - (7 - 1)) + -5.
40
Calculate 7 + 19 - (4 + -8 + 6).
24
Calculate 58 + (-32 + 31 - -4) - (-1 + -4).
66
-1 + -99 - (-2178 - -2163)
-85
Calculate -37 + (79 - (-42 - -60)).
24
What is 106 - 96 - (-9 + 41)?
-22
Evaluate -49 + 2 - (-27 + 13 + 20 + -11).
-42
What is the value of -43 + -1 + (58 + -21 + -26 + 10 - 10)?
-33
Evaluate (9 - 34) + (35 - 20 - -62).
52
Calculate 1 + 2 + 103 + -35 + -105 + -51.
-85
Evaluate 3 - 6 - (-3 - -34) - (24 + (45 - 74)).
-29
What is (2 + (0 - (1 - 3)) - (6732 - 6676)) + 13?
-39
Calculate 14 + (23 - -33) - 101.
-31
Evaluate -3 + 0 + (-5 + 60 - -2) - (25 - 32).
61
What is (1455 - 1415) + (0 - -13)?
53
Calculate 16 - 20 - (-62 + 4) - (-121 - -101).
74
What is the value of -360 + 402 - (-1 - (14 - 3))?
54
3 - (0 + 17 - (-237 - -254))
3
Calculate -2 + -6 + -14 - (37 - 59).
0
What is the value of 99 - 69 - ((-10 - -44) + -9)?
5
What is (-4 - ((2 - 0) + 113 + -118)) + -34?
-35
Evaluate (4 - -14 - 3) + 40 + 3 + -9.
49
(-40 - (16 - 72)) + (-1 - -44)
59
What is -22 + 10 + -11 + -3 + -57?
-83
What is the value of 56 - (-21 + (2 - (0 - 29)))?
46
Evaluate -10 - (-42 - -52 - 16) - 55.
-59
Evaluate 14 - 5 - (-11 + (0 - -2) + 9 + -34).
43
Evaluate (-3 - (-4 + (-22 - -10) - -14)) + 28.
27
-111 - (-29 - -35 - 66)
-51
Calculate (11 - 2) + -97 + (1 - (-1 - 4)) + 12.
-70
What is the value of (15 - -16) + -19 + -3 - (17 - -4)?
-12
What is the value of 0 + (25 - 38 - (-1 - 15) - 68)?
-65
Calculate (-2 - 2) + (2 + -2 + 2 - 4) + 63.
57
Evaluate (7 + (